t j be a(-19). Let f(m) = -40*m + 244. Give f(j).
4
Let k = 98 - 275. Let x = k + 178. Let u(j) = -6*j + 1. What is u(x)?
-5
Let i(q) = -q**3 + 18*q**2 + 19*q + 2. Suppose -171*l + 418 = -149*l. Determine i(l).
2
Let v(i) = i + 2. Let u(g) = g**2 + 3*g + 15. Let f be u(-7). Suppose f*x - 49*x = -54. Give v(x).
11
Let y(j) = -7*j + 14. Suppose -52*p - 45*p = 36*p + 532. What is y(p)?
42
Let u(p) = -8 - p - 8*p**2 - 5 + 12. Let r(w) = -4*w - 113. Let b be r(-28). What is u(b)?
-8
Let q be (14/(-10) - 150/((-750)/10))/(2/(-10)). Suppose 0 = -a - 3*m - 6, 3*m = -2*a - 0*m - 3. Let i(w) = 5*w + a + w - 5*w. Determine i(q).
0
Let a(q) = -2*q + 49. Let i(d) = -3*d + 49. Let b(f) = -5*a(f) + 4*i(f). Let r(g) = 2526*g + 106069. Let l be r(-42). What is b(l)?
-3
Let f(u) be the first derivative of 21*u - 8 - 1/3*u**3 - 1/3*u**4 - u**2 - 1/20*u**5. Let b(o) be the first derivative of f(o). What is b(-3)?
-5
Let j be 3/(-24)*6 - 35/(-4). Let u(l) = -l**2 + l + 65. Let k be u(j). Let z(p) = p - 6. Calculate z(k).
3
Let x(o) be the second derivative of 5*o**3/2 - 114*o**2 + 17*o - 2. Let f be x(15). Let r(p) = -p**3 - 2*p**2 + 5*p + 2. Give r(f).
-4
Let o(j) = j**2 + j - 7. Let n be o(3). Let t(z) = -2 - 10*z**3 + n*z**2 - z + 21*z**3 - 12*z**3. Calculate t(4).
10
Let b(v) = 1 + 369*v**2 - 1 - 378*v**2. Let r be (-46)/(-8) + (-9)/(-36). Let c = 5 - r. Give b(c).
-9
Let c(a) be the second derivative of a**3/3 + 19*a**2/2 - 3916*a. Determine c(-4).
11
Let o(m) = 8*m - 28. Let b(j) = -5*j + 27. Let i be (-21)/12 + 80/(-64). Let l(u) = i*b(u) - 2*o(u). Calculate l(-13).
-12
Let r(g) = 40 - 12 - 3*g**2 + 3*g - g**3 - 8 - 15. Suppose 2*j + 24 = -4*l, -5*l = j + 17 + 7. Calculate r(j).
9
Let c(q) be the second derivative of q**5/20 + q**4/2 - q**3/2 - 4*q**2 + q. Suppose 3*u = -4*a - 39, -40*a + 5*u = -42*a - 37. What is c(a)?
10
Suppose -g = -2, x - 3*g - 13 = -5*g. Suppose x + 1 = 2*f. Let s(z) = 8*z**2 + f*z**2 + 2*z - z - 10*z**2. Determine s(-2).
10
Let f(l) = -28*l**3 + 14*l**2 - 7*l - 38. Let m(n) = -13*n**3 + 7*n**2 - 4*n - 18. Let i(s) = 6*f(s) - 13*m(s). Give i(5).
6
Let p(b) be the first derivative of b**7/840 - b**6/72 + b**5/60 + b**4/24 + 2*b**3/3 + 17*b + 50. Let s(x) be the third derivative of p(x). What is s(4)?
-7
Let s(i) be the second derivative of -i**3/6 + 5*i**2 - 3*i. Suppose 2*a + 4*c - 21 = -3, -5*a = -2*c - 21. Determine s(a).
5
Let u(z) = -22 + 152 + 53 + 148 - 22*z. Determine u(15).
1
Let h(y) be the third derivative of -y**4/24 + 11*y**3/6 + 20044*y**2. Let j = 9 + -15. What is h(j)?
17
Let k(l) be the second derivative of -l**3 - l - 1/12*l**4 + 3/2*l**2 + 0. Suppose 4*n - 3 = -23. Calculate k(n).
8
Suppose -10 = -a - 3*w, 4*w = -a - w + 18. Let q be (-2 - a)/((-3)/3). Let i(c) = -c + 13. Give i(q).
13
Let p(a) = 76*a + 84. Let g be (6*(0 - 4/(-12)))/(-2). Give p(g).
8
Let i = 72 + -71. Let x(b) be the second derivative of b**4/12 - b**3/6 + b**2/2 + 10*b. Determine x(i).
1
Let p(j) = -3*j - 29. Let k = 23 + -37. Let i be p(k). Let x(a) = 4*a - 3. Let t(w) = -9*w + 7. Let v(c) = i*x(c) + 6*t(c). Determine v(-3).
9
Suppose 2*h + 3 = 15. Let u(d) = 33*d - 3. Let c(a) = -4*a + 1. Let r(j) = -5*c(j) - u(j). Let g(z) = -15*z - 2. Let l(k) = -5*g(k) + 6*r(k). Give l(h).
-20
Let l = 201775 - 201764. Let v(h) = -h**2 - 5 + 12*h + 3 - 7. What is v(l)?
2
Suppose -247*z + 88 = -255*z. Let i(d) = 12*d + 134. Calculate i(z).
2
Let q(f) be the first derivative of -3/2*f**2 - 1 - 5*f. Let p = -36176 + 36180. Give q(p).
-17
Let h(c) = -2*c**3 - 15*c**2 - 18*c. Let q be h(-6). Let z(p) = 69*p - 64*p + 1 + q. Determine z(1).
6
Let y(l) = l**2 - 14*l + 27. Let u = -2423 + 2439. Give y(u).
59
Let b(s) be the third derivative of s**5/12 + 13*s**4/24 - 13*s**3/6 + 1094*s**2. Calculate b(1).
5
Let y(r) = -r**2 - 2*r + 1. Suppose -29*u - 4434 + 16179 = 0. Let o = u - 409. Give y(o).
-7
Let y(w) be the first derivative of w - 55 - 2/3*w**3 + 0*w**2. Give y(1).
-1
Let t(c) be the third derivative of -c**4/12 - 5*c**3/6 - 1443*c**2. Calculate t(2).
-9
Let q be 7 - (2 - -7)/(-3). Let u = 111 + -106. Suppose -q = -2*v - 3*m, -u*m = v - 0*v + 2. Let s(j) = -j + 5. What is s(v)?
-3
Let s(g) be the first derivative of -191 - 1/2*g**2 - 11*g. What is s(-9)?
-2
Let q = -92 - -47. Let k = q - -47. Suppose 0 = 2*s - k*m + 3 - 7, -2*s = 4*m + 20. Let f(l) = -l**2 - 3*l - 2. Give f(s).
0
Let y(s) be the third derivative of 67*s**2 + 0 - 5/12*s**4 + 0*s + 1/3*s**3. Determine y(2).
-18
Let l(v) = v**3 - 8*v**2 + 9. Let t = -4916 + 4924. Give l(t).
9
Let z(q) = q**3 + 9*q**2 + 17*q + 25. Suppose 2*c - 8 = 2*i, -76*i + 74*i = c + 17. Give z(i).
4
Let p(w) = 5*w - 47. Let r(i) = -3*i + 27. Let m(x) = 4*p(x) + 7*r(x). Let t be (3/(-2) - 0)*2. Let u = 3 + t. Calculate m(u).
1
Let d(o) = -o + 14. Suppose 4*z = -m + 2*z + 7, 0 = 5*m + 2*z - 19. Suppose -4*p = -0*p - v - 28, m*p - 4*v - 34 = 0. Determine d(p).
8
Let m(g) be the second derivative of -1/20*g**5 - 5/3*g**3 + 78*g + 0*g**2 - 3/4*g**4 + 0. What is m(-8)?
16
Let u(p) = -4*p**3 - p + 2. Let l(k) = -15*k**3 - 7*k**2 + 3*k + 1. Let q(a) = l(a) - 4*u(a). Let v = -8 + 8. Suppose v*s - 6 = -s. Give q(s).
-1
Suppose 28 = 25*f - 72. Let w(c) be the third derivative of -1/24*c**f + 0 - 15*c**2 - 1/3*c**3 + 0*c. Give w(3).
-5
Suppose 47 = 4*g + 39. Let t(u) = 6*u - 5*u + 2*u**3 + u**2 + 1 + 0*u**2 - 5*u**g. Give t(3).
22
Let k(v) be the second derivative of 11*v**6/720 + v**5/120 + v**4/4 - 4*v**3/3 + 29*v. Let x(z) be the third derivative of k(z). Give x(1).
12
Let a(y) = -2156*y**2 + 0*y + 2157*y**2 + y - 20. Let j be (-6)/(-3) - (-6)/(-3). What is a(j)?
-20
Let s(j) = -12*j**2 - 43*j - 9. Let m(t) = -11*t**2 - 43*t - 9. Let p(x) = -6*m(x) + 5*s(x). Let h be p(-7). Let n(q) = 5*q - 1. Determine n(h).
9
Let p(s) be the second derivative of 0*s**2 + 1/3*s**3 - 2*s + 0. Suppose 4*m + 5*o = 40, -4*o - 387 = -5*m - 378. Calculate p(m).
10
Let r = -31520 + 31520. Let t(b) = b**2 + 8*b + 20. Calculate t(r).
20
Suppose 2*h = -2*h - 5*n + 13, -n = -3*h + 5. Let y(w) = -1 + w**2 + 0*w**2 + 0*w**h + 151*w - 149*w. What is y(-4)?
7
Let v(q) = -q**3 + q**2 + q + 11. Let o(s) = -7*s**3 + 11*s**2 - 2*s + 87. Let g(y) = -o(y) + 8*v(y). Calculate g(-5).
1
Let r(a) = -17*a + 13 - 3 - 9 + 7 + 7. Calculate r(5).
-70
Let j(u) = 211*u + 244*u + 216*u - 3 - 646*u - 102. Calculate j(4).
-5
Suppose 7 = k - s, 0 = -2*s - 8 - 0. Let n(m) = -50 + 157 - 55 - 55 + 13*m. Calculate n(k).
36
Let u(b) = b**3 + 13*b**2 - 21*b - 16. Let z(h) = -3*h**3 - 37*h**2 + 59*h + 46. Let k(x) = -8*u(x) - 3*z(x). Give k(-8).
-2
Let u(x) = 7*x**2 + 20*x - 103. Let h(t) = 11*t**2 + 31*t - 155. Let d(i) = -5*h(i) + 8*u(i). Determine d(-10).
1
Let b(c) = -144 + 381 + 77*c + 727 - 194. Calculate b(-10).
0
Let u(z) = 18*z - 2. Let p be u(2). Let x = p - 44. Let h be 12/x*(-10)/3 - 3. Let g(i) = -5*i + 1. Give g(h).
-4
Let b(a) = a**2 - 5*a - 4. Let k(c) = 4*c**2 - 14*c - 11. Let d(h) = -7*b(h) + 2*k(h). Let l = 531 + -201. Let s = l - 335. Determine d(s).
-4
Suppose 6*t + 2*f - 10 = 2*t, -2*f = -4*t - 10. Let k(h) be the second derivative of 3*h**2 + t - 3*h + 1/3*h**3. Give k(-4).
-2
Let t(d) be the second derivative of -d**4/12 - d**3/3 - 3*d**2/2 - 5*d. Suppose -2*p - 5*k = -244, 136 = 3*p + k - 204. Suppose l + p = 109. What is t(l)?
-6
Suppose 548 = -3*x - 2*u, 7*x - 2*x = -3*u - 915. Let p = 191 + x. Let t(i) = -i**2 + 5*i - 6. Calculate t(p).
-6
Let a(t) = -5*t - 2*t**2 - 11 + 1 + 3*t**2. Let o be 69/115*50 + -23. What is a(o)?
4
Suppose -23 = -3*p - 0*q - 2*q, p - 4 = 3*q. Let o(x) = -2*x - 17. What is o(p)?
-31
Let q(s) = -s**3 + 3*s**2 + 2*s - 4. Let y(a) = 2*a**2 - 6*a - 64. Let h be y(-17). Let z = -612 + h. What is q(z)?
-12
Let m(j) be the third derivative of 7*j**4/24 - j**3/2 + 3*j**2. Let u be -30 - -16 - 1/(1 - 0). Let f be (9/(-3))/(u/10). What is m(f)?
11
Let v(c) = c**2 + 18*c + 97. Let w be v(-7). Let y(u) = -5 - 12 + 11 - 4*u + w. What is y(9)?
-22
Suppose 0 = 165*x - 104*x - 1586. Let q(w) = -3*w + 81. Determine q(x).
3
Let f = -6 - -6. Suppose -4*y + 2 - 22 = f. Let b(c) be the third derivative of -c**4/24 + 5*c**3/6 - 2*c**2 - 70*c. What is b(y)?
10
Let o(m) = -9*m**3 - m**2 - 3*m - 2. Let r be 8/32 + 0 - 19/(-4). Suppose -2*v + 5*y - 2 = r, -9 = 4*